e number?
False
Is 2821637183 prime?
True
Is 124062021581 a prime number?
True
Is 5281775231 composite?
True
Is 3342964033 a prime number?
True
Is 871027537 a composite number?
True
Is 1575015683 composite?
False
Is 4354970201 a composite number?
False
Is 10034506681 a composite number?
True
Is 84041276119 prime?
False
Is 9666181463 prime?
True
Is 562124131 a prime number?
True
Is 44979071 a prime number?
True
Is 234282821 a prime number?
True
Is 701603551 a prime number?
False
Is 4770748183 prime?
True
Is 1913369041 a composite number?
False
Is 79857613 a prime number?
False
Is 10722476581 composite?
False
Is 34356446897 a composite number?
False
Is 54142343347 a prime number?
True
Is 43729433359 a prime number?
True
Is 2197467301 a prime number?
True
Is 2137519679 a prime number?
True
Is 11373481441 a prime number?
False
Is 5716531789 a composite number?
False
Is 2445043 a composite number?
False
Is 716130269 a prime number?
False
Is 2028913097 prime?
True
Is 7108483957 prime?
True
Is 1633714163 prime?
False
Is 9126041731 a composite number?
False
Is 432542377 a composite number?
False
Is 23239440499 prime?
False
Is 173080166587 composite?
False
Is 8019518417 a composite number?
True
Is 10618644691 prime?
False
Is 488476889 prime?
False
Is 255975851 a prime number?
False
Is 44538177767 a composite number?
False
Is 158903486561 a composite number?
False
Is 224095945673 a composite number?
False
Is 3853732787 a prime number?
True
Is 127934039 composite?
False
Is 19987136809 prime?
True
Is 22423997 a composite number?
False
Is 544906893 composite?
True
Is 20496543383 a composite number?
False
Is 558380983 a prime number?
False
Is 3978609337 a prime number?
True
Is 350393957 a composite number?
False
Is 7853431 a prime number?
False
Is 189865757 composite?
False
Is 1647893447 a composite number?
True
Is 2610070829 composite?
False
Is 814333339 composite?
False
Is 103195109 prime?
False
Is 14386276501 prime?
False
Is 461519069 prime?
False
Is 11504821667 composite?
False
Is 342025357 a composite number?
False
Is 517625359 a composite number?
False
Is 15225496427 a composite number?
False
Is 297368681 a prime number?
True
Is 19806382841 composite?
True
Is 1080754913 a prime number?
False
Is 66459067 a prime number?
False
Is 176485957429 composite?
True
Is 689681843 composite?
True
Is 2161653419 composite?
True
Is 96599101 prime?
True
Is 3390509071 composite?
True
Is 6553436222 a prime number?
False
Is 354378839 a prime number?
False
Is 1186642931 prime?
True
Is 234168300629 a composite number?
False
Is 23194379917 a prime number?
False
Is 923406997 a composite number?
False
Is 9671001573 prime?
False
Is 1706805883 composite?
False
Is 32681770817 composite?
False
Is 21309961661 prime?
True
Is 9789115939 a prime number?
True
Is 956731387 a prime number?
True
Is 1124463739903 composite?
True
Is 106611905389 a prime number?
False
Is 1805188339 a composite number?
False
Is 71893314481 composite?
True
Is 1160629583 a composite number?
False
Is 4237171877 a prime number?
True
Is 19020148139 prime?
False
Is 4045382111 a composite number?
True
Is 64218127 composite?
False
Is 3132694511 prime?
True
Is 5504008051 a prime number?
True
Is 5536694633 composite?
False
Is 4786248991 a composite number?
False
Is 736854301 a composite number?
True
Is 2075792309 a composite number?
False
Is 1913123 a composite number?
False
Is 19435155473 prime?
True
Is 325058597 a composite number?
True
Is 12701523733 composite?
True
Is 253646821763 a composite number?
True
Is 3342047327 a prime number?
True
Is 6621047 a composite number?
True
Is 34503275767 composite?
False
Is 7136021 composite?
False
Is 24806926565 composite?
True
Is 1346606707 a composite number?
True
Is 9821542427 prime?
True
Is 1030808171 composite?
False
Is 1061080522 prime?
False
Is 13237603187 a prime number?
False
Is 46823414153 a prime number?
False
Is 2377016979 a composite number?
True
Is 495033599 a composite number?
False
Is 60559135913 composite?
False
Is 73118784737 a prime number?
False
Is 485617159 a prime number?
True
Is 11125581539 prime?
True
Is 427061377 prime?
True
Is 7781519951 a composite number?
True
Is 83840058187 prime?
False
Is 930612509 prime?
True
Is 37189537213 a composite number?
False
Is 460759003 prime?
True
Is 168518477 prime?
False
Is 3437065187 composite?
False
Is 334833923 a prime number?
False
Is 20923327833 a prime number?
False
Is 38855889011 prime?
True
Is 88709203 composite?
True
Is 2541944591 prime?
True
Is 7937506322 composite?
True
Is 4927812206 composite?
True
Is 24968193 a composite number?
True
Is 916923947 a composite number?
False
Is 41041120819 a composite number?
True
Is 26541768193 a composite number?
True
Is 94700651 composite?
False
Is 3250567549 composite?
True
Is 7312540069 prime?
False
Is 889478497 a composite number?
False
Is 5326374527 a prime number?
False
Is 71617225441 prime?
True
Is 11842099655 a composite number?
True
Is 631624909 composite?
True
Is 15269505523 prime?
False
Is 6299501309 a composite number?
False
Is 789915859 prime?
False
Is 539832907 a prime number?
True
Is 635798959 composite?
True
Is 746874839 prime?
True
Is 367127171 composite?
False
Is 21740773819 composite?
False
Is 1403247413 composite?
True
Is 85891869017 prime?
False
Is 1636306085 a composite number?
True
Is 2943424199 composite?
True
Is 754338821 a prime number?
True
Is 545065999 a composite number?
False
Is 5075600889 prime?
False
Is 560034299 composite?
True
Is 236593241 a composite number?
True
Is 529658207 a composite number?
True
Is 6639313537 composite?
False
Is 3375735983 a composite number?
True
Is 15269028865 a composite number?
True
Is 6443317189 composite?
True
Is 21247373513 composite?
True
Is 250363553 a prime number?
False
Is 8237814974 a prime number?
False
Is 1857905281 prime?
True
Is 2209977778 a prime number?
False
Is 61350043 a prime number?
False
Is 57719731367 composite?
True
Is 35542348199 prime?
True
Is 8517763819 composite?
False
Is 3562435277 a composite number?
True
Is 1352758741 a composite number?
True
Is 983282402 a composite number?
True
Is 141945487 a composite number?
True
Is 5880526489 prime?
True
Is 139847853 a composite number?
True
Is 944283271 a prime number?
True
Is 173956537 composite?
False
Is 34771182547 prime?
False
Is 59135525935 prime?
False
Is 239027237 a composite number?
False
Is 127121339801 a prime number?
False
Is 37984871947 a prime number?
False
Is 7431402733 composite?
False
Is 20494493 a composite number?
False
Is 14172402851 prime?
False
Is 9020212441 a composite number?
False
Is 4796979261 a prime number?
False
Is 17712208867 prime?
False
Is 213855847 a prime number?
True
Is 17049690593 a prime number?
False
Is 691247849 a prime number?
False
Is 254966611 a prime number?
True
Is 1190223049 prime?
False
Is 28406278211 a prime number?
False
Is 11401373393 prime?
True
Is 2780529079 a prime number?
True
Is 127005337 a prime number?
False
Is 9917391863 composite?
False
Is 3632749345 composite?
True
Is 43790125207 a composite number?
False
Is 82374210635 composite?
True
Is 136690627 composite?
False
Is 912860099 a composite number?
False
Is 1008454871 a composite number?
False
Is 5418893954 a prime number?
False
Is 1010291413 prime?
True
Is 265572199 a prime number?
False
Is 27465703393 a composite number?
False
Is 1131597967 a prime number?
True
Is 108279443543 a composite number?
True
Is 298629299 a prime number?
True
Is 578250434 prime?
False
Is 755768789 prime?
False
Is 254555856899 a prime number?
True
Is 1445127253 composite?
False
Is 70554793 composite?
True
Is 19186380286 a composite number?
True
Is 496411349 a composite number?
True
Is 11385147919 a prime number?
True
Is 3139071137 prime?
False
Is 136967953355 prime?
False
Is 617735639 a prime number?
True
Is 2914388551 prime?
True
Is 56441809 a composite number?
False
Is 462529499 composite?
True
Is 113880606131 a prime number?
True
Is 278976479 composite?
True
Is 673984811 composite?
True
Is 322064513 a composite number?
False
Is 83652089 a composite number?
True
Is 2585942309 a prime number?
False
Is 203647243 prime?
True
Is 947518951 a composite number?
False
Is 484711841 a composite number?
False
Is 18679486201 composite?
True
Is 2106722713 a composite nu